ided by 681?
12
What is the remainder when 509 is divided by 27?
23
What is the remainder when 514 is divided by 239?
36
Calculate the remainder when 7 is divided by 5.
2
What is the remainder when 243 is divided by 123?
120
What is the remainder when 332 is divided by 29?
13
Calculate the remainder when 172 is divided by 43.
0
What is the remainder when 14 is divided by 1?
0
What is the remainder when 86 is divided by 16?
6
What is the remainder when 37 is divided by 29?
8
Calculate the remainder when 275 is divided by 28.
23
Calculate the remainder when 1180 is divided by 32.
28
What is the remainder when 791 is divided by 43?
17
Calculate the remainder when 76992 is divided by 281.
279
Calculate the remainder when 114 is divided by 24.
18
Calculate the remainder when 1108 is divided by 140.
128
What is the remainder when 438 is divided by 49?
46
Calculate the remainder when 753 is divided by 84.
81
What is the remainder when 150 is divided by 21?
3
What is the remainder when 7348 is divided by 42?
40
Calculate the remainder when 952 is divided by 96.
88
What is the remainder when 202 is divided by 130?
72
Calculate the remainder when 241 is divided by 18.
7
Calculate the remainder when 4805 is divided by 9.
8
Calculate the remainder when 175 is divided by 98.
77
What is the remainder when 429 is divided by 4?
1
Calculate the remainder when 83 is divided by 21.
20
What is the remainder when 279 is divided by 138?
3
What is the remainder when 970 is divided by 38?
20
What is the remainder when 119 is divided by 30?
29
Calculate the remainder when 1919 is divided by 16.
15
Calculate the remainder when 54 is divided by 8.
6
What is the remainder when 3638 is divided by 140?
138
Calculate the remainder when 1041 is divided by 73.
19
Calculate the remainder when 662 is divided by 203.
53
Calculate the remainder when 878 is divided by 88.
86
Calculate the remainder when 230 is divided by 84.
62
Calculate the remainder when 309 is divided by 15.
9
Calculate the remainder when 101 is divided by 60.
41
What is the remainder when 173 is divided by 23?
12
What is the remainder when 467 is divided by 26?
25
What is the remainder when 1337 is divided by 67?
64
Calculate the remainder when 182 is divided by 37.
34
Calculate the remainder when 126 is divided by 37.
15
What is the remainder when 230 is divided by 58?
56
What is the remainder when 909 is divided by 16?
13
Calculate the remainder when 61 is divided by 13.
9
What is the remainder when 779 is divided by 29?
25
Calculate the remainder when 938 is divided by 47.
45
Calculate the remainder when 9791 is divided by 24.
23
Calculate the remainder when 1428 is divided by 320.
148
What is the remainder when 223 is divided by 197?
26
Calculate the remainder when 11021 is divided by 104.
101
What is the remainder when 1279 is divided by 16?
15
What is the remainder when 16899 is divided by 20?
19
What is the remainder when 626 is divided by 140?
66
What is the remainder when 627 is divided by 63?
60
What is the remainder when 150 is divided by 133?
17
What is the remainder when 306 is divided by 22?
20
What is the remainder when 173 is divided by 17?
3
What is the remainder when 743 is divided by 83?
79
What is the remainder when 212 is divided by 26?
4
Calculate the remainder when 47 is divided by 32.
15
What is the remainder when 305 is divided by 51?
50
Calculate the remainder when 345 is divided by 329.
16
Calculate the remainder when 291 is divided by 92.
15
Calculate the remainder when 349 is divided by 173.
3
Calculate the remainder when 112 is divided by 19.
17
Calculate the remainder when 18 is divided by 6.
0
What is the remainder when 5328 is divided by 33?
15
Calculate the remainder when 605 is divided by 51.
44
Calculate the remainder when 366 is divided by 355.
11
What is the remainder when 1159 is divided by 235?
219
Calculate the remainder when 206 is divided by 9.
8
Calculate the remainder when 1643 is divided by 546.
5
What is the remainder when 104 is divided by 27?
23
Calculate the remainder when 19 is divided by 7.
5
What is the remainder when 1721 is divided by 23?
19
What is the remainder when 260 is divided by 21?
8
What is the remainder when 203 is divided by 92?
19
What is the remainder when 48 is divided by 21?
6
Calculate the remainder when 2195 is divided by 121.
17
What is the remainder when 279 is divided by 73?
60
Calculate the remainder when 76 is divided by 27.
22
What is the remainder when 68 is divided by 16?
4
What is the remainder when 245 is divided by 84?
77
What is the remainder when 123 is divided by 4?
3
What is the remainder when 9501 is divided by 221?
219
Calculate the remainder when 4878 is divided by 162.
18
Calculate the remainder when 412 is divided by 7.
6
Calculate the remainder when 1117 is divided by 86.
85
What is the remainder when 886 is divided by 193?
114
Calculate the remainder when 197 is divided by 68.
61
Calculate the remainder when 753 is divided by 68.
5
What is the remainder when 898 is divided by 100?
98
What is the remainder when 127 is divided by 57?
13
Calculate the remainder when 550 is divided by 174.
28
Calculate the remainder when 790 is divided by 18.
16
Calculate the remainder when 149 is divided by 12.
5
What is the remainder when 748 is divided by 257?
234
What is the remainder when 3298 is divided by 44?
42
What is the remainder when 79 is divided by 39?
1
What is the remainder when 136 is divided by 38?
22
What is the remainder when 5451 is divided by 176?
171
Calculate the remainder when 2174 is divided by 320.
254
What is the remainder when 1517 is divided by 191?
180
Calculate the remainder when 163 is divided by 26.
7
What is the remainder when 332 is divided by 5?
2
What is the remainder when 322 is divided by 110?
102
Calculate the remainder when 23084 is divided by 19.
18
Calculate the remainder when 1371 is divided by 1361.
10
Calculate the remainder when 292 is divided by 33.
28
What is the remainder when 6623 is divided by 39?
32
Calculate the remainder when 63334 is divided by 182.
180
What is the remainder when 287 is divided by 8?
7
What is the remainder when 363 is divided by 41?
35
Calculate the remainder when 90 is divided by 31.
28
Calculate the remainder when 53 is divided by 24.
5
What is the remainder when 639 is divided by 91?
2
What is the remainder when 1627 is divided by 71?
65
Calculate the remainder when 228 is divided by 38.
0
What is the remainder when 335 is divided by 83?
3
Calculate the remainder when 86 is divided by 9.
5
What is the remainder when 5502 is divided by 64?
62
What is the remainder when 1023 is divided by 18?
15
What is the remainder when 690 is divided by 340?
10
Calculate the remainder when 214 is divided by 210.
4
Calculate the remainder when 438 is divided by 142.
12
Calculate the remainder when 2433 is divided by 21.
18
Calculate the remainder when 7312 is divided by 46.
44
Calculate the remainder when 466 is divided by 10.
6
Calculate the remainder when 1466 is divided by 13.
10
What is the remainder when 1821 is divided by 114?
111
Calculate the remainder when 131 is divided by 30.
11
Calculate the remainder when 341 is divided by 86.
83
What is the remainder when 523 is divided by 19?
10
Calculate the remainder when 947 is divided by 120.
107
Calculate the remainder when 1549 is divided by 31.
30
Calculate the remainder when 1348 is divided by 45.
43
Calculate the remainder when 1221 is divided by 163.
80
What is the remainder when 939 is divided by 467?
5
Calculate the remainder when 473 is divided by 19.
17
Calculate the remainder when 353 is divided by 107.
32
Calculate the remainder when 277 is divided by 56.
53
What is the remainder when 130 is divided by 70?
60
What is the remainder when 93 is divided by 36?
21
What is the remainder when 113 is divided by 5?
3
What is the remainder when 220 is divided by 17?
16
What is the remainder when 70 is divided by 44?
26
Calculate the remainder when 1086 is divided by 361.
3
What is the remainder when 1481 is divided by 99?
95
Calculate the remainder when 442 is divided by 215.
12
Calculate the remainder when 335 is divided by 107.
14
Calculate the remainder when 15376 is divided by 11.
9
What is the remainder when 189 is